{"id":22,"date":"2016-08-19T17:34:08","date_gmt":"2016-08-19T15:34:08","guid":{"rendered":"https:\/\/www.motorschirm-flugcenter.de\/?page_id=22"},"modified":"2017-01-22T12:10:57","modified_gmt":"2017-01-22T11:10:57","slug":"funk","status":"publish","type":"page","link":"https:\/\/www.motorschirm-flugcenter.de\/?page_id=22","title":{"rendered":"Funk"},"content":{"rendered":"<p><img loading=\"lazy\" decoding=\"async\" width=\"233\" height=\"321\" class=\"alignnone wp-image-2346\" alt=\"\" src=\"https:\/\/www.motorschirm-flugcenter.de\/wp-content\/uploads\/2016\/08\/Funk-218x300.jpg\"><\/p>\n<p>wir f\u00fchren das komplette Programm von L\u00f6scher Elektronic.<\/p>\n<p>Bitte sende uns eine Mail und wir stellen Dir Dein Flugfunk nach Deinen W\u00fcnschen zusammen und machen Dir den Bestm\u00f6glichen Preis.<\/p>\n<p>Hier auf der Seite von <a href=\"http:\/\/www.loescher.com\/FLUGSPORT\/FLUGFUNKGERAeTE\/Flugfunk-Handgeraete\/\" target=\"_blank\">L\u00f6scher-Electronic<\/a> kannst Du Dich informieren!<\/p>\n","protected":false},"excerpt":{"rendered":"<p>wir f\u00fchren das komplette Programm von L\u00f6scher Elektronic. Bitte sende uns eine Mail und wir stellen Dir Dein Flugfunk nach Deinen W\u00fcnschen zusammen und machen Dir den Bestm\u00f6glichen Preis. Hier <span class=\"readmore\"><a href=\"https:\/\/www.motorschirm-flugcenter.de\/?page_id=22\">Read More &#8230;<\/a><\/span><\/p>\n","protected":false},"author":1,"featured_media":0,"parent":18,"menu_order":0,"comment_status":"closed","ping_status":"closed","template":"","meta":{"ngg_post_thumbnail":0,"footnotes":""},"class_list":["post-22","page","type-page","status-publish","hentry"],"_links":{"self":[{"href":"https:\/\/www.motorschirm-flugcenter.de\/index.php?rest_route=\/wp\/v2\/pages\/22","targetHints":{"allow":["GET"]}}],"collection":[{"href":"https:\/\/www.motorschirm-flugcenter.de\/index.php?rest_route=\/wp\/v2\/pages"}],"about":[{"href":"https:\/\/www.motorschirm-flugcenter.de\/index.php?rest_route=\/wp\/v2\/types\/page"}],"author":[{"embeddable":true,"href":"https:\/\/www.motorschirm-flugcenter.de\/index.php?rest_route=\/wp\/v2\/users\/1"}],"replies":[{"embeddable":true,"href":"https:\/\/www.motorschirm-flugcenter.de\/index.php?rest_route=%2Fwp%2Fv2%2Fcomments&post=22"}],"version-history":[{"count":4,"href":"https:\/\/www.motorschirm-flugcenter.de\/index.php?rest_route=\/wp\/v2\/pages\/22\/revisions"}],"predecessor-version":[{"id":2349,"href":"https:\/\/www.motorschirm-flugcenter.de\/index.php?rest_route=\/wp\/v2\/pages\/22\/revisions\/2349"}],"up":[{"embeddable":true,"href":"https:\/\/www.motorschirm-flugcenter.de\/index.php?rest_route=\/wp\/v2\/pages\/18"}],"wp:attachment":[{"href":"https:\/\/www.motorschirm-flugcenter.de\/index.php?rest_route=%2Fwp%2Fv2%2Fmedia&parent=22"}],"curies":[{"name":"wp","href":"https:\/\/api.w.org\/{rel}","templated":true}]}}