{"id":2997,"date":"2017-02-12T13:12:08","date_gmt":"2017-02-12T12:12:08","guid":{"rendered":"https:\/\/www.motorschirm-flugcenter.de\/?page_id=2997"},"modified":"2022-02-23T15:48:39","modified_gmt":"2022-02-23T14:48:39","slug":"flyke-das-fliegende-fahrrad","status":"publish","type":"page","link":"https:\/\/www.motorschirm-flugcenter.de\/?page_id=2997","title":{"rendered":"Verkauft! aber gerne machen wir Dir ein Angebot \u00fcber einen Neuen  Doppelsitzer-Motorschirm"},"content":{"rendered":"\n<p><\/p>\n\n\n\n<figure class=\"wp-block-image\"><img loading=\"lazy\" decoding=\"async\" width=\"445\" height=\"488\" src=\"https:\/\/www.motorschirm-flugcenter.de\/wp-content\/uploads\/2021\/04\/t-fighter31_grey-orange-gold.jpg\" alt=\"\" class=\"wp-image-4475\" srcset=\"https:\/\/www.motorschirm-flugcenter.de\/wp-content\/uploads\/2021\/04\/t-fighter31_grey-orange-gold.jpg 445w, https:\/\/www.motorschirm-flugcenter.de\/wp-content\/uploads\/2021\/04\/t-fighter31_grey-orange-gold-274x300.jpg 274w\" sizes=\"auto, (max-width: 445px) 100vw, 445px\" \/><\/figure>\n\n\n\n<p> <a href=\"https:\/\/www.independence.aero\/de\/produkte\/gleitschirme\/T-fighter-trikeglider_LTF_23-05.html\">Motorschirm f\u00fcr doppelsitzige Trikes: T-Fighter &#8211; independence paragliding<\/a> <\/p>\n\n\n\n<p>Auf Lager! Lieferzeit sofort<\/p>\n\n\n<p>&nbsp;<\/p>\n<div class=\"ce_text produktbild first block\">\n<p>&nbsp;<\/p>\n<table style=\"height: 25px;\" width=\"310\">\n<tbody>\n<tr>\n<td><strong>Gewichtsbereich (kg)<\/strong><\/td>\n<td>&nbsp;<\/td>\n<td><strong>110 &#8211; 340*<\/strong><\/td>\n<\/tr>\n<tr>\n<td>&nbsp;<\/td>\n<\/tr>\n<\/tbody>\n<\/table>\n<p>&nbsp;<\/p>\n<ul>\n<li>Modernstes, speziell f\u00fcr die Anforderungen an das Trikefliegen entwickeltes, Kappendesign<\/li>\n<li>Leichtg\u00e4ngiges Handling<\/li>\n<li>Pr\u00e4zise Diagonal-Ribs f\u00fcr hohe Profiltreue und Leistung<\/li>\n<li>Integrierte Aufziehhilfe am Tragegurt<\/li>\n<li>Variable Bremsleinenumlenkung<\/li>\n<li>Effektiver Trimmer<\/li>\n<li>Ausschlie\u00dfliche Verwendung hochwertiger Materialien der weltweit renommiertesten Lieferanten<\/li>\n<li>Pr\u00e4zise Fertigung in einer der weltweit modernsten Produktionsst\u00e4tten<\/li>\n<\/ul>\n<p>&nbsp;<\/p>\n<p><strong>Mehr Flugspa\u00df mit dem Trike zu Zweit! <\/strong>Der T-Fighter ist ein Tragwerk f\u00fcr leichte, doppelsitzige Trikes innerhalb der 120kg-Klasse. Er wurde f\u00fcr alle Trikepiloten konzipiert, die einen zuverl\u00e4ssigen Motorschirm suchen, um die Faszination des Fliegens mit anderen Menschen zu teilen.<\/p>\n<\/div>\n<div id=\"farben\" class=\"mod_rocksolid_slider block rsts-main rsts-direction-x rsts-type-fade-in-out rsts-skin-mini\">\n<div class=\"rsts-view\">\n<div class=\"rsts-crop\">\n<div class=\"rsts-slides\">\n<div class=\"rsts-slide rsts-slide-image rsts-postactive\">\n<div class=\"rsts-caption\">&nbsp;<\/div>\n<\/div>\n<div class=\"rsts-slide rsts-slide-image rsts-preactive\">&nbsp;<\/div>\n<\/div>\n<\/div>\n<\/div>\n<\/div>\n<h1 class=\"ce_headline\">&nbsp;<\/h1>\n<p>&nbsp;<\/p>\n<p>&nbsp;<\/p>\n<p>&nbsp;<\/p>\n<p>&nbsp;<\/p>\n<h2>&nbsp;<\/h2>\n<p>&nbsp;<\/p>","protected":false},"excerpt":{"rendered":"<p>Motorschirm f\u00fcr doppelsitzige Trikes: T-Fighter &#8211; independence paragliding Auf Lager! Lieferzeit sofort &nbsp; &nbsp; Gewichtsbereich (kg) &nbsp; 110 &#8211; 340* &nbsp; &nbsp; Modernstes, speziell f\u00fcr die Anforderungen an das Trikefliegen <span class=\"readmore\"><a href=\"https:\/\/www.motorschirm-flugcenter.de\/?page_id=2997\">Read More &#8230;<\/a><\/span><\/p>\n","protected":false},"author":2,"featured_media":0,"parent":27,"menu_order":0,"comment_status":"closed","ping_status":"closed","template":"","meta":{"ngg_post_thumbnail":0,"footnotes":""},"class_list":["post-2997","page","type-page","status-publish","hentry"],"_links":{"self":[{"href":"https:\/\/www.motorschirm-flugcenter.de\/index.php?rest_route=\/wp\/v2\/pages\/2997","targetHints":{"allow":["GET"]}}],"collection":[{"href":"https:\/\/www.motorschirm-flugcenter.de\/index.php?rest_route=\/wp\/v2\/pages"}],"about":[{"href":"https:\/\/www.motorschirm-flugcenter.de\/index.php?rest_route=\/wp\/v2\/types\/page"}],"author":[{"embeddable":true,"href":"https:\/\/www.motorschirm-flugcenter.de\/index.php?rest_route=\/wp\/v2\/users\/2"}],"replies":[{"embeddable":true,"href":"https:\/\/www.motorschirm-flugcenter.de\/index.php?rest_route=%2Fwp%2Fv2%2Fcomments&post=2997"}],"version-history":[{"count":28,"href":"https:\/\/www.motorschirm-flugcenter.de\/index.php?rest_route=\/wp\/v2\/pages\/2997\/revisions"}],"predecessor-version":[{"id":4674,"href":"https:\/\/www.motorschirm-flugcenter.de\/index.php?rest_route=\/wp\/v2\/pages\/2997\/revisions\/4674"}],"up":[{"embeddable":true,"href":"https:\/\/www.motorschirm-flugcenter.de\/index.php?rest_route=\/wp\/v2\/pages\/27"}],"wp:attachment":[{"href":"https:\/\/www.motorschirm-flugcenter.de\/index.php?rest_route=%2Fwp%2Fv2%2Fmedia&parent=2997"}],"curies":[{"name":"wp","href":"https:\/\/api.w.org\/{rel}","templated":true}]}}