{"id":3884,"date":"2019-01-30T21:23:27","date_gmt":"2019-01-30T20:23:27","guid":{"rendered":"https:\/\/www.motorschirm-flugcenter.de\/?page_id=3884"},"modified":"2019-02-10T18:40:52","modified_gmt":"2019-02-10T17:40:52","slug":"drachentrike-dragon-120-kg","status":"publish","type":"page","link":"https:\/\/www.motorschirm-flugcenter.de\/?page_id=3884","title":{"rendered":"Drachentrike &#8222;PHAZER-Dragon&#8220; 120 kg Medicalfrei"},"content":{"rendered":"<ul class=\"wp-caption alignnone\" style=\"width: 340px;\">\n<li style=\"list-style-type: none;\">\n<ul class=\"wp-caption aligncenter\" style=\"width: 340px;\">\n<li style=\"list-style-type: none;\">\n<ul class=\"wp-caption aligncenter\" style=\"width: 340px;\">&nbsp; &nbsp; &nbsp;<\/ul>\n<\/li>\n<\/ul>\n<h2><span style=\"color: #ff0000;\"><span style=\"color: #ff0000;\">NEU-NEU-NEU-NEU<\/span><\/span><\/h2>\n<\/li>\n<li style=\"list-style-type: none;\">\n<h6>Das Drachen-Trike &#8222;Phazer Dragon&#8220; wird auf Basis des Phazer One bei FSB Team Barthel gefertigt.<\/h6>\n<\/li>\n<\/ul>\n<h6>Nach Kundenwunsch und Vorstellung wird es individuell auf Deine W\u00fcnsche hergestellt. Hier auf den Foto&#8217;s mit Polinimotor, gerne aber auch mit dem Simonini mini 3&#8230;<\/h6>\n<h6>Besichtigung, Probesitzen, Zusammenstellen &#8211; sprich uns an und wir vereinbaren einen Termin<\/h6>\n<h6>Fl\u00e4che, Rettungsger\u00e4t, Radschuhe, Cockpit mit Instrumenten&#8230; sag uns Deine W\u00fcnsche.<\/h6>\n<h6>Bei Fragen sendet uns eine Mail oder ruft uns an.<\/h6>\n<h6><img loading=\"lazy\" decoding=\"async\" width=\"764\" height=\"1024\" class=\"wp-image-3885 size-large\" alt=\"\" src=\"https:\/\/www.motorschirm-flugcenter.de\/wp-content\/uploads\/2019\/01\/Drehen-von-Gr\u00f6\u00dfen\u00e4nderung-20180703_134340-Kopiert-764x1024.jpg\" srcset=\"https:\/\/www.motorschirm-flugcenter.de\/wp-content\/uploads\/2019\/01\/Drehen-von-Gr\u00f6\u00dfen\u00e4nderung-20180703_134340-Kopiert-764x1024.jpg 764w, https:\/\/www.motorschirm-flugcenter.de\/wp-content\/uploads\/2019\/01\/Drehen-von-Gr\u00f6\u00dfen\u00e4nderung-20180703_134340-Kopiert-224x300.jpg 224w, https:\/\/www.motorschirm-flugcenter.de\/wp-content\/uploads\/2019\/01\/Drehen-von-Gr\u00f6\u00dfen\u00e4nderung-20180703_134340-Kopiert-768x1029.jpg 768w, https:\/\/www.motorschirm-flugcenter.de\/wp-content\/uploads\/2019\/01\/Drehen-von-Gr\u00f6\u00dfen\u00e4nderung-20180703_134340-Kopiert.jpg 1504w\" sizes=\"auto, (max-width: 764px) 100vw, 764px\" \/><\/h6>\n<p><img loading=\"lazy\" decoding=\"async\" width=\"764\" height=\"1024\" class=\"alignleft wp-image-3886 size-large\" alt=\"\" src=\"https:\/\/www.motorschirm-flugcenter.de\/wp-content\/uploads\/2019\/01\/Drehen-von-Gr\u00f6\u00dfen\u00e4nderung-20180703_134348-764x1024.jpg\" srcset=\"https:\/\/www.motorschirm-flugcenter.de\/wp-content\/uploads\/2019\/01\/Drehen-von-Gr\u00f6\u00dfen\u00e4nderung-20180703_134348-764x1024.jpg 764w, https:\/\/www.motorschirm-flugcenter.de\/wp-content\/uploads\/2019\/01\/Drehen-von-Gr\u00f6\u00dfen\u00e4nderung-20180703_134348-224x300.jpg 224w, https:\/\/www.motorschirm-flugcenter.de\/wp-content\/uploads\/2019\/01\/Drehen-von-Gr\u00f6\u00dfen\u00e4nderung-20180703_134348-768x1029.jpg 768w, https:\/\/www.motorschirm-flugcenter.de\/wp-content\/uploads\/2019\/01\/Drehen-von-Gr\u00f6\u00dfen\u00e4nderung-20180703_134348.jpg 1504w\" sizes=\"auto, (max-width: 764px) 100vw, 764px\" \/> <img loading=\"lazy\" decoding=\"async\" width=\"764\" height=\"1024\" class=\"alignright wp-image-3887 size-large\" alt=\"\" src=\"https:\/\/www.motorschirm-flugcenter.de\/wp-content\/uploads\/2019\/01\/Drehen-von-Gr\u00f6\u00dfen\u00e4nderung-20180703_134405-Kopiert-764x1024.jpg\" srcset=\"https:\/\/www.motorschirm-flugcenter.de\/wp-content\/uploads\/2019\/01\/Drehen-von-Gr\u00f6\u00dfen\u00e4nderung-20180703_134405-Kopiert-764x1024.jpg 764w, https:\/\/www.motorschirm-flugcenter.de\/wp-content\/uploads\/2019\/01\/Drehen-von-Gr\u00f6\u00dfen\u00e4nderung-20180703_134405-Kopiert-224x300.jpg 224w, https:\/\/www.motorschirm-flugcenter.de\/wp-content\/uploads\/2019\/01\/Drehen-von-Gr\u00f6\u00dfen\u00e4nderung-20180703_134405-Kopiert-768x1029.jpg 768w, https:\/\/www.motorschirm-flugcenter.de\/wp-content\/uploads\/2019\/01\/Drehen-von-Gr\u00f6\u00dfen\u00e4nderung-20180703_134405-Kopiert.jpg 1504w\" sizes=\"auto, (max-width: 764px) 100vw, 764px\" \/><br \/>\n<img loading=\"lazy\" decoding=\"async\" width=\"764\" height=\"1024\" class=\"alignleft wp-image-3888 size-large\" alt=\"\" src=\"https:\/\/www.motorschirm-flugcenter.de\/wp-content\/uploads\/2019\/01\/Drehen-von-Gr\u00f6\u00dfen\u00e4nderung-20180703_134412-764x1024.jpg\" srcset=\"https:\/\/www.motorschirm-flugcenter.de\/wp-content\/uploads\/2019\/01\/Drehen-von-Gr\u00f6\u00dfen\u00e4nderung-20180703_134412-764x1024.jpg 764w, https:\/\/www.motorschirm-flugcenter.de\/wp-content\/uploads\/2019\/01\/Drehen-von-Gr\u00f6\u00dfen\u00e4nderung-20180703_134412-224x300.jpg 224w, https:\/\/www.motorschirm-flugcenter.de\/wp-content\/uploads\/2019\/01\/Drehen-von-Gr\u00f6\u00dfen\u00e4nderung-20180703_134412-768x1029.jpg 768w, https:\/\/www.motorschirm-flugcenter.de\/wp-content\/uploads\/2019\/01\/Drehen-von-Gr\u00f6\u00dfen\u00e4nderung-20180703_134412.jpg 1504w\" sizes=\"auto, (max-width: 764px) 100vw, 764px\" \/><\/p>\n","protected":false},"excerpt":{"rendered":"<p>&nbsp; &nbsp; &nbsp; NEU-NEU-NEU-NEU Das Drachen-Trike &#8222;Phazer Dragon&#8220; wird auf Basis des Phazer One bei FSB Team Barthel gefertigt. Nach Kundenwunsch und Vorstellung wird es individuell auf Deine W\u00fcnsche hergestellt. <span class=\"readmore\"><a href=\"https:\/\/www.motorschirm-flugcenter.de\/?page_id=3884\">Read More &#8230;<\/a><\/span><\/p>\n","protected":false},"author":2,"featured_media":4289,"parent":6,"menu_order":0,"comment_status":"closed","ping_status":"closed","template":"","meta":{"ngg_post_thumbnail":0,"footnotes":""},"class_list":["post-3884","page","type-page","status-publish","has-post-thumbnail","hentry"],"_links":{"self":[{"href":"https:\/\/www.motorschirm-flugcenter.de\/index.php?rest_route=\/wp\/v2\/pages\/3884","targetHints":{"allow":["GET"]}}],"collection":[{"href":"https:\/\/www.motorschirm-flugcenter.de\/index.php?rest_route=\/wp\/v2\/pages"}],"about":[{"href":"https:\/\/www.motorschirm-flugcenter.de\/index.php?rest_route=\/wp\/v2\/types\/page"}],"author":[{"embeddable":true,"href":"https:\/\/www.motorschirm-flugcenter.de\/index.php?rest_route=\/wp\/v2\/users\/2"}],"replies":[{"embeddable":true,"href":"https:\/\/www.motorschirm-flugcenter.de\/index.php?rest_route=%2Fwp%2Fv2%2Fcomments&post=3884"}],"version-history":[{"count":20,"href":"https:\/\/www.motorschirm-flugcenter.de\/index.php?rest_route=\/wp\/v2\/pages\/3884\/revisions"}],"predecessor-version":[{"id":4291,"href":"https:\/\/www.motorschirm-flugcenter.de\/index.php?rest_route=\/wp\/v2\/pages\/3884\/revisions\/4291"}],"up":[{"embeddable":true,"href":"https:\/\/www.motorschirm-flugcenter.de\/index.php?rest_route=\/wp\/v2\/pages\/6"}],"wp:featuredmedia":[{"embeddable":true,"href":"https:\/\/www.motorschirm-flugcenter.de\/index.php?rest_route=\/wp\/v2\/media\/4289"}],"wp:attachment":[{"href":"https:\/\/www.motorschirm-flugcenter.de\/index.php?rest_route=%2Fwp%2Fv2%2Fmedia&parent=3884"}],"curies":[{"name":"wp","href":"https:\/\/api.w.org\/{rel}","templated":true}]}}