{"id":3915,"date":"2019-01-30T22:37:05","date_gmt":"2019-01-30T21:37:05","guid":{"rendered":"https:\/\/www.motorschirm-flugcenter.de\/?page_id=3915"},"modified":"2024-01-26T11:15:05","modified_gmt":"2024-01-26T10:15:05","slug":"vorfuehrgeraet-evolution-ii-leichtes-klapptrike","status":"publish","type":"page","link":"https:\/\/www.motorschirm-flugcenter.de\/?page_id=3915","title":{"rendered":"Leichtes Klapptrike Evolution II mit oder ohne Motor."},"content":{"rendered":"\n<p>Das Klapptrike stammt aus dem Hause FSB Team, Produktion und Service in Deutschland im Erzgebirge. Das gebrauchte Klapptrike ist ein Ausstellungsst\u00fcck und wurde nur wenige mal von mir pers\u00f6nlich vorgeflogen. Das Trike kann in wenigen Minuten ohne Werkzeug zusammengeklappt werden, \u00e4hnlich wie ein Kinderwagenbuggy, so dass es in fast jedem Kofferraum passt. Es hat die Fresh Breeze Motorhalterung verbaut, somit k\u00f6nnen z.B. alle FB Motoren angeh\u00e4ngt werden, oder du machst die Gegenhalterung an deinen Motor und h\u00e4ngst diesen dann ein.<\/p>\n\n\n\n<p>Das Trike ist sehr leicht, dennoch sehr stabil gebaut. Das Trike ist aus Aluminium und der Sitzrahmen aus Edelstahl gefertigt. An der Hinterachse ist es mit 2 Sto\u00dfd\u00e4mpfern gefedert, es hat gro\u00dfe R\u00e4der so das man auch auf nicht optimalen Grasbahnen starten und landen kann.<\/p>\n\n\n\n<p>F\u00fcr alle die wenig Platz haben oder gerne auch mal den Motor als Rucksack fliegen m\u00f6chten, ist dieses Trike sehr zu empfehlen, der auf den ersten Bildern angebrachte Herkules Redstar Motor <a href=\"https:\/\/www.motorschirm-flugcenter.de\/?page_id=908\">https:\/\/www.motorschirm-flugcenter.de\/?page_id=908<\/a> ist ganz schnell vom Rucksackmotor zum Anh\u00e4ngemotor umgebaut. Bei Fragen komm vorbei oder ruf uns an, wir geben gerne Auskunft und stehen wie immer auch nach dem Kauf mit Einweisung und Beratung zur Verf\u00fcgung.<\/p>\n\n\n\n<p><strong><em>Fr\u00fchjahrsangebot: Der Kaufpreis f\u00fcr das Gebrauchte Ausstellungst\u00fcck liegt ohne Motor bei 3.150\u20ac<\/em><\/strong><\/p>\n\n\n\n<figure class=\"wp-block-gallery has-nested-images columns-default is-cropped wp-block-gallery-1 is-layout-flex wp-block-gallery-is-layout-flex\">\n<figure class=\"wp-block-image\"><img loading=\"lazy\" decoding=\"async\" width=\"800\" height=\"600\" data-id=\"4875\" src=\"https:\/\/www.motorschirm-flugcenter.de\/wp-content\/uploads\/2023\/02\/Groessenaenderung-P1070003.jpg\" alt=\"\" class=\"wp-image-4875\" srcset=\"https:\/\/www.motorschirm-flugcenter.de\/wp-content\/uploads\/2023\/02\/Groessenaenderung-P1070003.jpg 800w, https:\/\/www.motorschirm-flugcenter.de\/wp-content\/uploads\/2023\/02\/Groessenaenderung-P1070003-300x225.jpg 300w, https:\/\/www.motorschirm-flugcenter.de\/wp-content\/uploads\/2023\/02\/Groessenaenderung-P1070003-768x576.jpg 768w\" sizes=\"auto, (max-width: 800px) 100vw, 800px\" \/><\/figure>\n<\/figure>\n\n\n\n<figure class=\"wp-block-image size-full\"><img loading=\"lazy\" decoding=\"async\" width=\"800\" height=\"600\" src=\"https:\/\/www.motorschirm-flugcenter.de\/wp-content\/uploads\/2023\/02\/Groessenaenderung-P1070004.jpg\" alt=\"\" class=\"wp-image-4876\" srcset=\"https:\/\/www.motorschirm-flugcenter.de\/wp-content\/uploads\/2023\/02\/Groessenaenderung-P1070004.jpg 800w, https:\/\/www.motorschirm-flugcenter.de\/wp-content\/uploads\/2023\/02\/Groessenaenderung-P1070004-300x225.jpg 300w, https:\/\/www.motorschirm-flugcenter.de\/wp-content\/uploads\/2023\/02\/Groessenaenderung-P1070004-768x576.jpg 768w\" sizes=\"auto, (max-width: 800px) 100vw, 800px\" \/><figcaption class=\"wp-element-caption\">Hier z.B. mit Herkules Motor (Motor auch als Rucksackmotor fliegbar)<\/figcaption><\/figure>\n\n\n\n<figure class=\"wp-block-gallery has-nested-images columns-default is-cropped wp-block-gallery-2 is-layout-flex wp-block-gallery-is-layout-flex\">\n<figure class=\"wp-block-image size-large\"><img loading=\"lazy\" decoding=\"async\" width=\"1500\" height=\"2000\" data-id=\"4880\" src=\"https:\/\/www.motorschirm-flugcenter.de\/wp-content\/uploads\/2023\/02\/Groessenaenderung-IMG_20210422_151416-1-edited.jpg\" alt=\"\" class=\"wp-image-4880\" srcset=\"https:\/\/www.motorschirm-flugcenter.de\/wp-content\/uploads\/2023\/02\/Groessenaenderung-IMG_20210422_151416-1-edited.jpg 1500w, https:\/\/www.motorschirm-flugcenter.de\/wp-content\/uploads\/2023\/02\/Groessenaenderung-IMG_20210422_151416-1-edited-225x300.jpg 225w, https:\/\/www.motorschirm-flugcenter.de\/wp-content\/uploads\/2023\/02\/Groessenaenderung-IMG_20210422_151416-1-edited-768x1024.jpg 768w, https:\/\/www.motorschirm-flugcenter.de\/wp-content\/uploads\/2023\/02\/Groessenaenderung-IMG_20210422_151416-1-edited-1152x1536.jpg 1152w\" sizes=\"auto, (max-width: 1500px) 100vw, 1500px\" \/><\/figure>\n\n\n\n<figure class=\"wp-block-image size-large\"><img loading=\"lazy\" decoding=\"async\" width=\"1500\" height=\"2000\" data-id=\"4881\" src=\"https:\/\/www.motorschirm-flugcenter.de\/wp-content\/uploads\/2023\/02\/Groessenaenderung-IMG_20210422_151342-edited.jpg\" alt=\"\" class=\"wp-image-4881\" srcset=\"https:\/\/www.motorschirm-flugcenter.de\/wp-content\/uploads\/2023\/02\/Groessenaenderung-IMG_20210422_151342-edited.jpg 1500w, https:\/\/www.motorschirm-flugcenter.de\/wp-content\/uploads\/2023\/02\/Groessenaenderung-IMG_20210422_151342-edited-225x300.jpg 225w, https:\/\/www.motorschirm-flugcenter.de\/wp-content\/uploads\/2023\/02\/Groessenaenderung-IMG_20210422_151342-edited-768x1024.jpg 768w, https:\/\/www.motorschirm-flugcenter.de\/wp-content\/uploads\/2023\/02\/Groessenaenderung-IMG_20210422_151342-edited-1152x1536.jpg 1152w\" sizes=\"auto, (max-width: 1500px) 100vw, 1500px\" \/><\/figure>\n\n\n\n<figure class=\"wp-block-image size-large\"><img loading=\"lazy\" decoding=\"async\" width=\"1500\" height=\"2000\" data-id=\"4882\" src=\"https:\/\/www.motorschirm-flugcenter.de\/wp-content\/uploads\/2023\/02\/Groessenaenderung-IMG_20210422_151424-2-edited.jpg\" alt=\"\" class=\"wp-image-4882\" srcset=\"https:\/\/www.motorschirm-flugcenter.de\/wp-content\/uploads\/2023\/02\/Groessenaenderung-IMG_20210422_151424-2-edited.jpg 1500w, https:\/\/www.motorschirm-flugcenter.de\/wp-content\/uploads\/2023\/02\/Groessenaenderung-IMG_20210422_151424-2-edited-225x300.jpg 225w, https:\/\/www.motorschirm-flugcenter.de\/wp-content\/uploads\/2023\/02\/Groessenaenderung-IMG_20210422_151424-2-edited-768x1024.jpg 768w, https:\/\/www.motorschirm-flugcenter.de\/wp-content\/uploads\/2023\/02\/Groessenaenderung-IMG_20210422_151424-2-edited-1152x1536.jpg 1152w\" sizes=\"auto, (max-width: 1500px) 100vw, 1500px\" \/><\/figure>\n<\/figure>\n","protected":false},"excerpt":{"rendered":"<p>Das Klapptrike stammt aus dem Hause FSB Team, Produktion und Service in Deutschland im Erzgebirge. Das gebrauchte Klapptrike ist ein Ausstellungsst\u00fcck und wurde nur wenige mal von mir pers\u00f6nlich vorgeflogen. <span class=\"readmore\"><a href=\"https:\/\/www.motorschirm-flugcenter.de\/?page_id=3915\">Read More &#8230;<\/a><\/span><\/p>\n","protected":false},"author":2,"featured_media":2751,"parent":0,"menu_order":0,"comment_status":"closed","ping_status":"closed","template":"","meta":{"ngg_post_thumbnail":0,"footnotes":""},"class_list":["post-3915","page","type-page","status-publish","has-post-thumbnail","hentry"],"_links":{"self":[{"href":"https:\/\/www.motorschirm-flugcenter.de\/index.php?rest_route=\/wp\/v2\/pages\/3915","targetHints":{"allow":["GET"]}}],"collection":[{"href":"https:\/\/www.motorschirm-flugcenter.de\/index.php?rest_route=\/wp\/v2\/pages"}],"about":[{"href":"https:\/\/www.motorschirm-flugcenter.de\/index.php?rest_route=\/wp\/v2\/types\/page"}],"author":[{"embeddable":true,"href":"https:\/\/www.motorschirm-flugcenter.de\/index.php?rest_route=\/wp\/v2\/users\/2"}],"replies":[{"embeddable":true,"href":"https:\/\/www.motorschirm-flugcenter.de\/index.php?rest_route=%2Fwp%2Fv2%2Fcomments&post=3915"}],"version-history":[{"count":38,"href":"https:\/\/www.motorschirm-flugcenter.de\/index.php?rest_route=\/wp\/v2\/pages\/3915\/revisions"}],"predecessor-version":[{"id":4990,"href":"https:\/\/www.motorschirm-flugcenter.de\/index.php?rest_route=\/wp\/v2\/pages\/3915\/revisions\/4990"}],"wp:featuredmedia":[{"embeddable":true,"href":"https:\/\/www.motorschirm-flugcenter.de\/index.php?rest_route=\/wp\/v2\/media\/2751"}],"wp:attachment":[{"href":"https:\/\/www.motorschirm-flugcenter.de\/index.php?rest_route=%2Fwp%2Fv2%2Fmedia&parent=3915"}],"curies":[{"name":"wp","href":"https:\/\/api.w.org\/{rel}","templated":true}]}}