{"id":3968,"date":"2019-01-31T12:59:27","date_gmt":"2019-01-31T11:59:27","guid":{"rendered":"https:\/\/www.motorschirm-flugcenter.de\/?page_id=3968"},"modified":"2019-01-31T19:50:03","modified_gmt":"2019-01-31T18:50:03","slug":"fia-el-yelmo","status":"publish","type":"page","link":"https:\/\/www.motorschirm-flugcenter.de\/?page_id=3968","title":{"rendered":"FIA el Yelmo 2018"},"content":{"rendered":"<h2>Wir waren dabei!<\/h2>\n<h2><a href=\"https:\/\/www.youtube.com\/watch?v=xpIlKa-fG0s\" target=\"_blank\" rel=\"noopener\">hier gehts zum Film<\/a><\/h2>\n<h2>\n<img loading=\"lazy\" decoding=\"async\" width=\"2592\" height=\"1944\" class=\"aligncenter wp-image-3969 size-full\" alt=\"\" src=\"https:\/\/www.motorschirm-flugcenter.de\/wp-content\/uploads\/2019\/01\/20180602_132348.jpg\" srcset=\"https:\/\/www.motorschirm-flugcenter.de\/wp-content\/uploads\/2019\/01\/20180602_132348.jpg 2592w, https:\/\/www.motorschirm-flugcenter.de\/wp-content\/uploads\/2019\/01\/20180602_132348-300x225.jpg 300w, https:\/\/www.motorschirm-flugcenter.de\/wp-content\/uploads\/2019\/01\/20180602_132348-768x576.jpg 768w, https:\/\/www.motorschirm-flugcenter.de\/wp-content\/uploads\/2019\/01\/20180602_132348-1024x768.jpg 1024w\" sizes=\"auto, (max-width: 2592px) 100vw, 2592px\" \/><\/h2>\n<p>&nbsp;<\/p>\n<figure id=\"attachment_3976\" aria-describedby=\"caption-attachment-3976\" style=\"width: 840px\" class=\"wp-caption alignleft\"><img loading=\"lazy\" decoding=\"async\" width=\"840\" height=\"630\" class=\"wp-image-3976 size-large\" alt=\"\" src=\"https:\/\/www.motorschirm-flugcenter.de\/wp-content\/uploads\/2019\/01\/Gr\u00f6\u00dfen\u00e4nderung-20180601_192641-Kopie-Kopie-1024x768.jpg\" srcset=\"https:\/\/www.motorschirm-flugcenter.de\/wp-content\/uploads\/2019\/01\/Gr\u00f6\u00dfen\u00e4nderung-20180601_192641-Kopie-Kopie-1024x768.jpg 1024w, https:\/\/www.motorschirm-flugcenter.de\/wp-content\/uploads\/2019\/01\/Gr\u00f6\u00dfen\u00e4nderung-20180601_192641-Kopie-Kopie-300x225.jpg 300w, https:\/\/www.motorschirm-flugcenter.de\/wp-content\/uploads\/2019\/01\/Gr\u00f6\u00dfen\u00e4nderung-20180601_192641-Kopie-Kopie-768x576.jpg 768w, https:\/\/www.motorschirm-flugcenter.de\/wp-content\/uploads\/2019\/01\/Gr\u00f6\u00dfen\u00e4nderung-20180601_192641-Kopie-Kopie.jpg 1296w\" sizes=\"auto, (max-width: 840px) 100vw, 840px\" \/><figcaption id=\"caption-attachment-3976\" class=\"wp-caption-text\">Mit dem Landrover Defender geht&#8217;s hoch zum Yelmo<\/figcaption><\/figure>\n<figure id=\"attachment_3974\" aria-describedby=\"caption-attachment-3974\" style=\"width: 409px\" class=\"wp-caption alignright\"><img loading=\"lazy\" decoding=\"async\" width=\"409\" height=\"225\" class=\"wp-image-3974 \" style=\"outline: #72777c solid 1px; height: 307px; text-align: left; color: #777777; text-transform: none; text-indent: 0px; letter-spacing: normal; font-size: 16px; font-style: normal; font-variant: normal; font-weight: 400; text-decoration: none; word-spacing: 0px; white-space: normal; max-width: 700px; orphans: 2; -webkit-text-stroke-width: 0px; background-color: transparent;\" alt=\"\" src=\"https:\/\/www.motorschirm-flugcenter.de\/wp-content\/uploads\/2019\/01\/Gr\u00f6\u00dfen\u00e4nderung-20180601_113442-300x225.jpg\"><figcaption id=\"caption-attachment-3974\" class=\"wp-caption-text\">oben angekommen, fertig machen zum Start<\/figcaption><\/figure>\n<p><img loading=\"lazy\" decoding=\"async\" width=\"433\" height=\"225\" class=\"alignnone  wp-image-3975\" style=\"outline: #72777c solid 1px; height: 325px; text-align: left; color: #777777; text-transform: none; text-indent: 0px; letter-spacing: normal; font-size: 16px; font-style: normal; font-variant: normal; font-weight: 400; text-decoration: none; word-spacing: 0px; white-space: normal; max-width: 700px; orphans: 2; -webkit-text-stroke-width: 0px; background-color: transparent;\" alt=\"\" src=\"https:\/\/www.motorschirm-flugcenter.de\/wp-content\/uploads\/2019\/01\/Gr\u00f6\u00dfen\u00e4nderung-20180601_183826-Kopie-300x225.jpg\">Alle wollen nur noch raus und fliegen, fliegen, fliegen&#8230;..jajajaja<\/p>\n","protected":false},"excerpt":{"rendered":"<p>Wir waren dabei! hier gehts zum Film &nbsp; Alle wollen nur noch raus und fliegen, fliegen, fliegen&#8230;..jajajaja<\/p>\n","protected":false},"author":2,"featured_media":0,"parent":33,"menu_order":0,"comment_status":"closed","ping_status":"closed","template":"","meta":{"ngg_post_thumbnail":0,"footnotes":""},"class_list":["post-3968","page","type-page","status-publish","hentry"],"_links":{"self":[{"href":"https:\/\/www.motorschirm-flugcenter.de\/index.php?rest_route=\/wp\/v2\/pages\/3968","targetHints":{"allow":["GET"]}}],"collection":[{"href":"https:\/\/www.motorschirm-flugcenter.de\/index.php?rest_route=\/wp\/v2\/pages"}],"about":[{"href":"https:\/\/www.motorschirm-flugcenter.de\/index.php?rest_route=\/wp\/v2\/types\/page"}],"author":[{"embeddable":true,"href":"https:\/\/www.motorschirm-flugcenter.de\/index.php?rest_route=\/wp\/v2\/users\/2"}],"replies":[{"embeddable":true,"href":"https:\/\/www.motorschirm-flugcenter.de\/index.php?rest_route=%2Fwp%2Fv2%2Fcomments&post=3968"}],"version-history":[{"count":4,"href":"https:\/\/www.motorschirm-flugcenter.de\/index.php?rest_route=\/wp\/v2\/pages\/3968\/revisions"}],"predecessor-version":[{"id":3982,"href":"https:\/\/www.motorschirm-flugcenter.de\/index.php?rest_route=\/wp\/v2\/pages\/3968\/revisions\/3982"}],"up":[{"embeddable":true,"href":"https:\/\/www.motorschirm-flugcenter.de\/index.php?rest_route=\/wp\/v2\/pages\/33"}],"wp:attachment":[{"href":"https:\/\/www.motorschirm-flugcenter.de\/index.php?rest_route=%2Fwp%2Fv2%2Fmedia&parent=3968"}],"curies":[{"name":"wp","href":"https:\/\/api.w.org\/{rel}","templated":true}]}}

<h2>Wir waren dabei!</h2>
<h2><a href="https://www.youtube.com/watch?v=xpIlKa-fG0s" target="_blank" rel="noopener">hier gehts zum Film</a></h2>
<h2>
<img loading="lazy" decoding="async" width="2592" height="1944" class="aligncenter wp-image-3969 size-full" alt="" src="https://www.motorschirm-flugcenter.de/wp-content/uploads/2019/01/20180602_132348.jpg" srcset="https://www.motorschirm-flugcenter.de/wp-content/uploads/2019/01/20180602_132348.jpg 2592w, https://www.motorschirm-flugcenter.de/wp-content/uploads/2019/01/20180602_132348-300x225.jpg 300w, https://www.motorschirm-flugcenter.de/wp-content/uploads/2019/01/20180602_132348-768x576.jpg 768w, https://www.motorschirm-flugcenter.de/wp-content/uploads/2019/01/20180602_132348-1024x768.jpg 1024w" sizes="auto, (max-width: 2592px) 100vw, 2592px" /></h2>
<p>&nbsp;</p>
<figure id="attachment_3976" aria-describedby="caption-attachment-3976" style="width: 840px" class="wp-caption alignleft"><img loading="lazy" decoding="async" width="840" height="630" class="wp-image-3976 size-large" alt="" src="https://www.motorschirm-flugcenter.de/wp-content/uploads/2019/01/Größenänderung-20180601_192641-Kopie-Kopie-1024x768.jpg" srcset="https://www.motorschirm-flugcenter.de/wp-content/uploads/2019/01/Größenänderung-20180601_192641-Kopie-Kopie-1024x768.jpg 1024w, https://www.motorschirm-flugcenter.de/wp-content/uploads/2019/01/Größenänderung-20180601_192641-Kopie-Kopie-300x225.jpg 300w, https://www.motorschirm-flugcenter.de/wp-content/uploads/2019/01/Größenänderung-20180601_192641-Kopie-Kopie-768x576.jpg 768w, https://www.motorschirm-flugcenter.de/wp-content/uploads/2019/01/Größenänderung-20180601_192641-Kopie-Kopie.jpg 1296w" sizes="auto, (max-width: 840px) 100vw, 840px" /><figcaption id="caption-attachment-3976" class="wp-caption-text">Mit dem Landrover Defender geht&#8217;s hoch zum Yelmo</figcaption></figure>
<figure id="attachment_3974" aria-describedby="caption-attachment-3974" style="width: 409px" class="wp-caption alignright"><img loading="lazy" decoding="async" width="409" height="225" class="wp-image-3974 " style="outline: #72777c solid 1px; height: 307px; text-align: left; color: #777777; text-transform: none; text-indent: 0px; letter-spacing: normal; font-size: 16px; font-style: normal; font-variant: normal; font-weight: 400; text-decoration: none; word-spacing: 0px; white-space: normal; max-width: 700px; orphans: 2; -webkit-text-stroke-width: 0px; background-color: transparent;" alt="" src="https://www.motorschirm-flugcenter.de/wp-content/uploads/2019/01/Größenänderung-20180601_113442-300x225.jpg"><figcaption id="caption-attachment-3974" class="wp-caption-text">oben angekommen, fertig machen zum Start</figcaption></figure>
<p><img loading="lazy" decoding="async" width="433" height="225" class="alignnone  wp-image-3975" style="outline: #72777c solid 1px; height: 325px; text-align: left; color: #777777; text-transform: none; text-indent: 0px; letter-spacing: normal; font-size: 16px; font-style: normal; font-variant: normal; font-weight: 400; text-decoration: none; word-spacing: 0px; white-space: normal; max-width: 700px; orphans: 2; -webkit-text-stroke-width: 0px; background-color: transparent;" alt="" src="https://www.motorschirm-flugcenter.de/wp-content/uploads/2019/01/Größenänderung-20180601_183826-Kopie-300x225.jpg">Alle wollen nur noch raus und fliegen, fliegen, fliegen&#8230;..jajajaja</p>
