{"id":3985,"date":"2019-01-31T13:23:17","date_gmt":"2019-01-31T12:23:17","guid":{"rendered":"https:\/\/www.motorschirm-flugcenter.de\/?page_id=3985"},"modified":"2019-01-31T19:50:03","modified_gmt":"2019-01-31T18:50:03","slug":"fia-el-yelmo-2016","status":"publish","type":"page","link":"https:\/\/www.motorschirm-flugcenter.de\/?page_id=3985","title":{"rendered":"Fia el Yelmo 2016"},"content":{"rendered":"<h3><img loading=\"lazy\" decoding=\"async\" width=\"359\" height=\"223\" class=\" wp-image-2447 alignleft\" alt=\"\" src=\"https:\/\/www.motorschirm-flugcenter.de\/wp-content\/uploads\/2016\/08\/MSFCbild-300x186.jpg\" srcset=\"https:\/\/www.motorschirm-flugcenter.de\/wp-content\/uploads\/2016\/08\/MSFCbild-300x186.jpg 300w, https:\/\/www.motorschirm-flugcenter.de\/wp-content\/uploads\/2016\/08\/MSFCbild.jpg 600w\" sizes=\"auto, (max-width: 359px) 100vw, 359px\" \/><img loading=\"lazy\" decoding=\"async\" width=\"275\" height=\"225\" class=\" wp-image-3989 alignright\" style=\"margin: 0px 0px 18px 18px; outline: #72777c solid 1px; height: 206px; text-align: left; color: #777777; text-transform: none; text-indent: 0px; letter-spacing: normal; font-size: 18px; font-style: normal; font-variant: normal; font-weight: bold; text-decoration: none; word-spacing: 0px; display: block; white-space: normal; max-width: 700px; orphans: 2; float: right; -webkit-text-stroke-width: 0px; background-color: transparent;\" alt=\"\" src=\"https:\/\/www.motorschirm-flugcenter.de\/wp-content\/uploads\/2019\/01\/Gr\u00f6\u00dfen\u00e4nderung-20180115_145923-300x225.jpg\"><\/h3>\n<h3>Das Festival ist f\u00fcr das Motorschirm-Flugcenter und seinen G\u00e4sten immer eine Reise wert.<\/h3>\n<h3>Anreise nach Alicante, Spanien mit dem Flieger.<\/h3>\n<h3>Wir holen dich am Airport mit unserem Bus ab und nun bist du im Guiding. Transfer, Zimmer, Fliegen&#8230;. &nbsp; &nbsp; &nbsp; &nbsp; &nbsp; &nbsp; &nbsp; &nbsp; &nbsp;<\/h3>\n<h3>Wir k\u00fcmmern uns um Dich. Max. 8 Flieger\/innen k\u00f6nnen mit!<\/h3>\n<p><img loading=\"lazy\" decoding=\"async\" width=\"388\" height=\"291\" class=\"wp-image-3990 alignleft\" alt=\"\" src=\"https:\/\/www.motorschirm-flugcenter.de\/wp-content\/uploads\/2019\/01\/Gr\u00f6\u00dfen\u00e4nderung-20180115_145224-300x225.jpg\" srcset=\"https:\/\/www.motorschirm-flugcenter.de\/wp-content\/uploads\/2019\/01\/Gr\u00f6\u00dfen\u00e4nderung-20180115_145224-300x225.jpg 300w, https:\/\/www.motorschirm-flugcenter.de\/wp-content\/uploads\/2019\/01\/Gr\u00f6\u00dfen\u00e4nderung-20180115_145224-768x576.jpg 768w, https:\/\/www.motorschirm-flugcenter.de\/wp-content\/uploads\/2019\/01\/Gr\u00f6\u00dfen\u00e4nderung-20180115_145224-1024x768.jpg 1024w, https:\/\/www.motorschirm-flugcenter.de\/wp-content\/uploads\/2019\/01\/Gr\u00f6\u00dfen\u00e4nderung-20180115_145224.jpg 2016w\" sizes=\"auto, (max-width: 388px) 100vw, 388px\" \/><br \/>\n<img loading=\"lazy\" decoding=\"async\" width=\"439\" height=\"329\" class=\"wp-image-3991 alignright\" alt=\"\" src=\"https:\/\/www.motorschirm-flugcenter.de\/wp-content\/uploads\/2019\/01\/Gr\u00f6\u00dfen\u00e4nderung-20180115_145442-300x225.jpg\" srcset=\"https:\/\/www.motorschirm-flugcenter.de\/wp-content\/uploads\/2019\/01\/Gr\u00f6\u00dfen\u00e4nderung-20180115_145442-300x225.jpg 300w, https:\/\/www.motorschirm-flugcenter.de\/wp-content\/uploads\/2019\/01\/Gr\u00f6\u00dfen\u00e4nderung-20180115_145442-768x576.jpg 768w, https:\/\/www.motorschirm-flugcenter.de\/wp-content\/uploads\/2019\/01\/Gr\u00f6\u00dfen\u00e4nderung-20180115_145442-1024x768.jpg 1024w, https:\/\/www.motorschirm-flugcenter.de\/wp-content\/uploads\/2019\/01\/Gr\u00f6\u00dfen\u00e4nderung-20180115_145442.jpg 2016w\" sizes=\"auto, (max-width: 439px) 100vw, 439px\" \/><\/p>\n<p>&nbsp;<\/p>\n<p>Oder du Reist selbst an, und schlie\u00dft Dich uns an. Info&#8217;s anfragen<\/p>\n<p>&nbsp;<\/p>\n<h3>Seht selbst. &#8211;<strong> Ein muss<\/strong> f\u00fcr jeden Gleitschirm.- und Motorschirmpiloten!<\/h3>\n<h3>Melde dich rechtzeitig an, dann kannst auch du dabei sein.<\/h3>\n<p><a href=\"https:\/\/www.youtube.com\/watch?v=iwsoMyIM7HM\" target=\"_blank\" rel=\"noopener\">hier geht&#8217;s zum Film<\/a><\/p>\n<p><a href=\"https:\/\/www.youtube.com\/watch?v=a5XjPFVaZ5M\" target=\"_blank\" rel=\"noopener\">Wir fliegen vom Yelmo<\/a><\/p>\n","protected":false},"excerpt":{"rendered":"<p>Das Festival ist f\u00fcr das Motorschirm-Flugcenter und seinen G\u00e4sten immer eine Reise wert. Anreise nach Alicante, Spanien mit dem Flieger. Wir holen dich am Airport mit unserem Bus ab und <span class=\"readmore\"><a href=\"https:\/\/www.motorschirm-flugcenter.de\/?page_id=3985\">Read More &#8230;<\/a><\/span><\/p>\n","protected":false},"author":2,"featured_media":0,"parent":33,"menu_order":0,"comment_status":"closed","ping_status":"closed","template":"","meta":{"ngg_post_thumbnail":0,"footnotes":""},"class_list":["post-3985","page","type-page","status-publish","hentry"],"_links":{"self":[{"href":"https:\/\/www.motorschirm-flugcenter.de\/index.php?rest_route=\/wp\/v2\/pages\/3985","targetHints":{"allow":["GET"]}}],"collection":[{"href":"https:\/\/www.motorschirm-flugcenter.de\/index.php?rest_route=\/wp\/v2\/pages"}],"about":[{"href":"https:\/\/www.motorschirm-flugcenter.de\/index.php?rest_route=\/wp\/v2\/types\/page"}],"author":[{"embeddable":true,"href":"https:\/\/www.motorschirm-flugcenter.de\/index.php?rest_route=\/wp\/v2\/users\/2"}],"replies":[{"embeddable":true,"href":"https:\/\/www.motorschirm-flugcenter.de\/index.php?rest_route=%2Fwp%2Fv2%2Fcomments&post=3985"}],"version-history":[{"count":5,"href":"https:\/\/www.motorschirm-flugcenter.de\/index.php?rest_route=\/wp\/v2\/pages\/3985\/revisions"}],"predecessor-version":[{"id":4134,"href":"https:\/\/www.motorschirm-flugcenter.de\/index.php?rest_route=\/wp\/v2\/pages\/3985\/revisions\/4134"}],"up":[{"embeddable":true,"href":"https:\/\/www.motorschirm-flugcenter.de\/index.php?rest_route=\/wp\/v2\/pages\/33"}],"wp:attachment":[{"href":"https:\/\/www.motorschirm-flugcenter.de\/index.php?rest_route=%2Fwp%2Fv2%2Fmedia&parent=3985"}],"curies":[{"name":"wp","href":"https:\/\/api.w.org\/{rel}","templated":true}]}}

<h3><img loading="lazy" decoding="async" width="359" height="223" class=" wp-image-2447 alignleft" alt="" src="https://www.motorschirm-flugcenter.de/wp-content/uploads/2016/08/MSFCbild-300x186.jpg" srcset="https://www.motorschirm-flugcenter.de/wp-content/uploads/2016/08/MSFCbild-300x186.jpg 300w, https://www.motorschirm-flugcenter.de/wp-content/uploads/2016/08/MSFCbild.jpg 600w" sizes="auto, (max-width: 359px) 100vw, 359px" /><img loading="lazy" decoding="async" width="275" height="225" class=" wp-image-3989 alignright" style="margin: 0px 0px 18px 18px; outline: #72777c solid 1px; height: 206px; text-align: left; color: #777777; text-transform: none; text-indent: 0px; letter-spacing: normal; font-size: 18px; font-style: normal; font-variant: normal; font-weight: bold; text-decoration: none; word-spacing: 0px; display: block; white-space: normal; max-width: 700px; orphans: 2; float: right; -webkit-text-stroke-width: 0px; background-color: transparent;" alt="" src="https://www.motorschirm-flugcenter.de/wp-content/uploads/2019/01/Größenänderung-20180115_145923-300x225.jpg"></h3>
<h3>Das Festival ist für das Motorschirm-Flugcenter und seinen Gästen immer eine Reise wert.</h3>
<h3>Anreise nach Alicante, Spanien mit dem Flieger.</h3>
<h3>Wir holen dich am Airport mit unserem Bus ab und nun bist du im Guiding. Transfer, Zimmer, Fliegen&#8230;. &nbsp; &nbsp; &nbsp; &nbsp; &nbsp; &nbsp; &nbsp; &nbsp; &nbsp;</h3>
<h3>Wir kümmern uns um Dich. Max. 8 Flieger/innen können mit!</h3>
<p><img loading="lazy" decoding="async" width="388" height="291" class="wp-image-3990 alignleft" alt="" src="https://www.motorschirm-flugcenter.de/wp-content/uploads/2019/01/Größenänderung-20180115_145224-300x225.jpg" srcset="https://www.motorschirm-flugcenter.de/wp-content/uploads/2019/01/Größenänderung-20180115_145224-300x225.jpg 300w, https://www.motorschirm-flugcenter.de/wp-content/uploads/2019/01/Größenänderung-20180115_145224-768x576.jpg 768w, https://www.motorschirm-flugcenter.de/wp-content/uploads/2019/01/Größenänderung-20180115_145224-1024x768.jpg 1024w, https://www.motorschirm-flugcenter.de/wp-content/uploads/2019/01/Größenänderung-20180115_145224.jpg 2016w" sizes="auto, (max-width: 388px) 100vw, 388px" /><br />
<img loading="lazy" decoding="async" width="439" height="329" class="wp-image-3991 alignright" alt="" src="https://www.motorschirm-flugcenter.de/wp-content/uploads/2019/01/Größenänderung-20180115_145442-300x225.jpg" srcset="https://www.motorschirm-flugcenter.de/wp-content/uploads/2019/01/Größenänderung-20180115_145442-300x225.jpg 300w, https://www.motorschirm-flugcenter.de/wp-content/uploads/2019/01/Größenänderung-20180115_145442-768x576.jpg 768w, https://www.motorschirm-flugcenter.de/wp-content/uploads/2019/01/Größenänderung-20180115_145442-1024x768.jpg 1024w, https://www.motorschirm-flugcenter.de/wp-content/uploads/2019/01/Größenänderung-20180115_145442.jpg 2016w" sizes="auto, (max-width: 439px) 100vw, 439px" /></p>
<p>&nbsp;</p>
<p>Oder du Reist selbst an, und schließt Dich uns an. Info&#8217;s anfragen</p>
<p>&nbsp;</p>
<h3>Seht selbst. &#8211;<strong> Ein muss</strong> für jeden Gleitschirm.- und Motorschirmpiloten!</h3>
<h3>Melde dich rechtzeitig an, dann kannst auch du dabei sein.</h3>
<p><a href="https://www.youtube.com/watch?v=iwsoMyIM7HM" target="_blank" rel="noopener">hier geht&#8217;s zum Film</a></p>
<p><a href="https://www.youtube.com/watch?v=a5XjPFVaZ5M" target="_blank" rel="noopener">Wir fliegen vom Yelmo</a></p>

<p>Das Festival ist für das Motorschirm-Flugcenter und seinen Gästen immer eine Reise wert. Anreise nach Alicante, Spanien mit dem Flieger. Wir holen dich am Airport mit unserem Bus ab und <span class="readmore"><a href="https://www.motorschirm-flugcenter.de/?page_id=3985">Read More &#8230;</a></span></p>
