{"id":4158,"date":"2019-02-01T12:10:33","date_gmt":"2019-02-01T11:10:33","guid":{"rendered":"https:\/\/www.motorschirm-flugcenter.de\/?page_id=4158"},"modified":"2022-09-16T19:59:11","modified_gmt":"2022-09-16T17:59:11","slug":"4158-2","status":"publish","type":"page","link":"https:\/\/www.motorschirm-flugcenter.de\/?page_id=4158","title":{"rendered":"News &#8211; das Neueste im MSFC"},"content":{"rendered":"<ul class=\"wp-caption aligncenter\" style=\"width: 340px;\">\n<li style=\"list-style-type: none;\">&nbsp;<\/li>\n<\/ul>\n<p><img loading=\"lazy\" decoding=\"async\" class=\"alignnone wp-image-2447\" src=\"https:\/\/www.motorschirm-flugcenter.de\/wp-content\/uploads\/2016\/08\/MSFCbild-300x186.jpg\" alt=\"\" width=\"326\" height=\"202\" srcset=\"https:\/\/www.motorschirm-flugcenter.de\/wp-content\/uploads\/2016\/08\/MSFCbild-300x186.jpg 300w, https:\/\/www.motorschirm-flugcenter.de\/wp-content\/uploads\/2016\/08\/MSFCbild.jpg 600w\" sizes=\"auto, (max-width: 326px) 100vw, 326px\" \/>&nbsp; &nbsp; &nbsp; &nbsp; &nbsp; &nbsp;&nbsp;<\/p>\n<p>&nbsp;<\/p>\n<ul>\n<li><a href=\"https:\/\/www.motorschirm-flugcenter.de\/?page_id=8\" target=\"_blank\" rel=\"noopener noreferrer\">Rundfl\u00fcge &#8211; Passagierfl\u00fcge mit dem Sportflug\u00b4zeug <\/a><\/li>\n<li><a href=\"https:\/\/www.motorschirm-flugcenter.de\/?page_id=8\" target=\"_blank\" rel=\"noopener noreferrer\">oder mit dem Motorschirmtrike<\/a><\/li>\n<\/ul>\n<p>&nbsp;<\/p>\n<h3>Abverkauf Vorf\u00fchrger\u00e4te und Ausstellungsst\u00fccke<\/h3>\n<ul>\n<li><a href=\"https:\/\/www.motorschirm-flugcenter.de\/?page_id=4169\" target=\"_blank\" rel=\"noopener noreferrer\" data-wplink-edit=\"true\">Vorf\u00fchrger\u00e4t PHAZER 1 &#8211; Das Einsitzer-Trike,&nbsp;<\/a><\/li>\n<li><a href=\"https:\/\/www.motorschirm-flugcenter.de\/?page_id=3820\" target=\"_blank\" rel=\"noopener noreferrer\">Vorf\u00fchrschirm Tensing<\/a><\/li>\n<li><a href=\"https:\/\/www.motorschirm-flugcenter.de\/?page_id=3908\" target=\"_blank\" rel=\"noopener noreferrer\">Vorf\u00fchrschirm Geronimo\u00b2<\/a><\/li>\n<li>Privater Flugzeugmarkt wird gerade erstellt<\/li>\n<\/ul>\n","protected":false},"excerpt":{"rendered":"<p>&nbsp; &nbsp; &nbsp; &nbsp; &nbsp; &nbsp; &nbsp;&nbsp; &nbsp; Rundfl\u00fcge &#8211; Passagierfl\u00fcge mit dem Sportflug\u00b4zeug oder mit dem Motorschirmtrike &nbsp; Abverkauf Vorf\u00fchrger\u00e4te und Ausstellungsst\u00fccke Vorf\u00fchrger\u00e4t PHAZER 1 &#8211; Das Einsitzer-Trike,&nbsp; Vorf\u00fchrschirm <span class=\"readmore\"><a href=\"https:\/\/www.motorschirm-flugcenter.de\/?page_id=4158\">Read More &#8230;<\/a><\/span><\/p>\n","protected":false},"author":2,"featured_media":0,"parent":0,"menu_order":0,"comment_status":"closed","ping_status":"closed","template":"","meta":{"ngg_post_thumbnail":0,"footnotes":""},"class_list":["post-4158","page","type-page","status-publish","hentry"],"_links":{"self":[{"href":"https:\/\/www.motorschirm-flugcenter.de\/index.php?rest_route=\/wp\/v2\/pages\/4158","targetHints":{"allow":["GET"]}}],"collection":[{"href":"https:\/\/www.motorschirm-flugcenter.de\/index.php?rest_route=\/wp\/v2\/pages"}],"about":[{"href":"https:\/\/www.motorschirm-flugcenter.de\/index.php?rest_route=\/wp\/v2\/types\/page"}],"author":[{"embeddable":true,"href":"https:\/\/www.motorschirm-flugcenter.de\/index.php?rest_route=\/wp\/v2\/users\/2"}],"replies":[{"embeddable":true,"href":"https:\/\/www.motorschirm-flugcenter.de\/index.php?rest_route=%2Fwp%2Fv2%2Fcomments&post=4158"}],"version-history":[{"count":11,"href":"https:\/\/www.motorschirm-flugcenter.de\/index.php?rest_route=\/wp\/v2\/pages\/4158\/revisions"}],"predecessor-version":[{"id":4708,"href":"https:\/\/www.motorschirm-flugcenter.de\/index.php?rest_route=\/wp\/v2\/pages\/4158\/revisions\/4708"}],"wp:attachment":[{"href":"https:\/\/www.motorschirm-flugcenter.de\/index.php?rest_route=%2Fwp%2Fv2%2Fmedia&parent=4158"}],"curies":[{"name":"wp","href":"https:\/\/api.w.org\/{rel}","templated":true}]}}