{"id":42,"date":"2016-08-19T17:37:50","date_gmt":"2016-08-19T15:37:50","guid":{"rendered":"https:\/\/www.motorschirm-flugcenter.de\/?page_id=42"},"modified":"2017-01-21T15:18:21","modified_gmt":"2017-01-21T14:18:21","slug":"links","status":"publish","type":"page","link":"https:\/\/www.motorschirm-flugcenter.de\/?page_id=42","title":{"rendered":"Links"},"content":{"rendered":"<p><b>Hinweis<\/b><\/p>\n<p>Wichtiger Hinweis:<br \/>\nMit Urteil vom 12. Mai 1998 hat das Landgericht<br \/>\nHamburg entschieden, dass man durch die Ausbringung<br \/>\neines Links die Inhalte der gelinkten Seite ggf. mit zu<br \/>\nverantworten hat. Dies kann &#8211; so das LG &#8211; nur dadurch<br \/>\nverhindert werden, dass man sich ausdr\u00fccklich von<br \/>\ndiesen Inhalten distanziert.<br \/>\nWir haben auf dieser Page Links zu anderen Seiten im Internet gelegt. F\u00fcr all diese Links gilt: Wir m\u00f6chten ausdr\u00fccklich betonen, dass wir keinerlei Einfluss auf die Gestaltung und die Inhalte der gelinkten Seiten haben. Deshalb distanzieren wir uns hiermit ausdr\u00fccklich von allen Inhalten aller gelinkten Seiten auf dieser Homepage. Diese Erkl\u00e4rung gilt f\u00fcr alle auf dieser Homepage ausgebrachten Links und f\u00fcr alle Inhalte der Seiten, zu denen die Banner f\u00fchren.<\/p>\n<p><b>Hier nun einige Links:<\/b><\/p>\n<p><a href=\"http:\/\/www.motorschirm.de\" target=\"_blank\">www.motorschirm.de Forum und mehr<\/a><\/p>\n<p><a href=\"http:\/\/www.dulv.de\" target=\"_blank\">www.dulv.de Deutscher Ultraleichtflugverband<\/a><\/p>\n<p><a href=\"http:\/\/www.gleitschirmbeschriftungen.de\" target=\"_blank\">www.gleitschirmbeschriftungen.de Beschriftungen verschiedenster Arten<\/a><\/p>\n<p><a href=\"http:\/\/www.helix-propeller.de\" target=\"_blank\">www.helix-propeller.de Luftschrauben f\u00fcr Luftsportger\u00e4te<\/a><\/p>\n<p>&nbsp;<\/p>\n<p>&nbsp;<\/p>\n<p>&nbsp;<\/p>\n","protected":false},"excerpt":{"rendered":"<p>Hinweis Wichtiger Hinweis: Mit Urteil vom 12. Mai 1998 hat das Landgericht Hamburg entschieden, dass man durch die Ausbringung eines Links die Inhalte der gelinkten Seite ggf. mit zu verantworten <span class=\"readmore\"><a href=\"https:\/\/www.motorschirm-flugcenter.de\/?page_id=42\">Read More &#8230;<\/a><\/span><\/p>\n","protected":false},"author":1,"featured_media":0,"parent":0,"menu_order":0,"comment_status":"closed","ping_status":"closed","template":"","meta":{"ngg_post_thumbnail":0,"footnotes":""},"class_list":["post-42","page","type-page","status-publish","hentry"],"_links":{"self":[{"href":"https:\/\/www.motorschirm-flugcenter.de\/index.php?rest_route=\/wp\/v2\/pages\/42","targetHints":{"allow":["GET"]}}],"collection":[{"href":"https:\/\/www.motorschirm-flugcenter.de\/index.php?rest_route=\/wp\/v2\/pages"}],"about":[{"href":"https:\/\/www.motorschirm-flugcenter.de\/index.php?rest_route=\/wp\/v2\/types\/page"}],"author":[{"embeddable":true,"href":"https:\/\/www.motorschirm-flugcenter.de\/index.php?rest_route=\/wp\/v2\/users\/1"}],"replies":[{"embeddable":true,"href":"https:\/\/www.motorschirm-flugcenter.de\/index.php?rest_route=%2Fwp%2Fv2%2Fcomments&post=42"}],"version-history":[{"count":5,"href":"https:\/\/www.motorschirm-flugcenter.de\/index.php?rest_route=\/wp\/v2\/pages\/42\/revisions"}],"predecessor-version":[{"id":1128,"href":"https:\/\/www.motorschirm-flugcenter.de\/index.php?rest_route=\/wp\/v2\/pages\/42\/revisions\/1128"}],"wp:attachment":[{"href":"https:\/\/www.motorschirm-flugcenter.de\/index.php?rest_route=%2Fwp%2Fv2%2Fmedia&parent=42"}],"curies":[{"name":"wp","href":"https:\/\/api.w.org\/{rel}","templated":true}]}}