{"id":46,"date":"2016-08-19T17:38:19","date_gmt":"2016-08-19T15:38:19","guid":{"rendered":"https:\/\/www.motorschirm-flugcenter.de\/?page_id=46"},"modified":"2022-09-16T20:08:37","modified_gmt":"2022-09-16T18:08:37","slug":"startseite","status":"publish","type":"page","link":"https:\/\/www.motorschirm-flugcenter.de\/","title":{"rendered":"Herzlich willkommen beim:"},"content":{"rendered":"<h2><img loading=\"lazy\" decoding=\"async\" class=\"aligncenter wp-image-4289 size-full\" src=\"https:\/\/www.motorschirm-flugcenter.de\/wp-content\/uploads\/2019\/02\/logo2-1.png\" alt=\"\" width=\"889\" height=\"487\" srcset=\"https:\/\/www.motorschirm-flugcenter.de\/wp-content\/uploads\/2019\/02\/logo2-1.png 889w, https:\/\/www.motorschirm-flugcenter.de\/wp-content\/uploads\/2019\/02\/logo2-1-300x164.png 300w, https:\/\/www.motorschirm-flugcenter.de\/wp-content\/uploads\/2019\/02\/logo2-1-768x421.png 768w\" sizes=\"auto, (max-width: 889px) 100vw, 889px\" \/><\/h2>\n<h2>Hallo Freunde des Flugsports, Sportflugzeug,&nbsp;Gleitschirm- Motorschirm- und Trikefreunde und Interessierte,<\/h2>\n<h2>willkommen auf unseren Seiten&#8230;<\/h2>\n<h2>Du m\u00f6chtest mit uns fliegen&nbsp;<\/h2>\n<h4><span style=\"color: #ff0000;\">gerne hier gehts zur Rundflugseite&nbsp; &nbsp;&nbsp;<\/span><a href=\"https:\/\/www.motorschirm-flugcenter.de\/?page_id=1087\" target=\"_blank\" rel=\"noopener noreferrer\">Rundflug \u2013 Seiten\u2026<\/a><\/h4>\n<h4><span style=\"color: #ff0000;\"><img loading=\"lazy\" decoding=\"async\" class=\"size-full wp-image-135 alignright\" src=\"https:\/\/www.motorschirm-flugcenter.de\/wp-content\/uploads\/2016\/08\/l005.jpg\" alt=\"\" width=\"576\" height=\"432\"><\/span><\/h4>\n<h4><span style=\"color: #ff0000;\">Wir freuen uns, dass Du unsere Seiten besuchst!<\/span><\/h4>\n<p>&nbsp;<\/p>\n<p>Sicherlich findest du das eine oder andere f\u00fcr Dich oder zum verschenken.<br \/>\nBesonders empfehlenswert ist unser Gleitschirm-Guiding nach S\u00fcdspanien, unsere Rundfl\u00fcge im Doppelsitzer Motorschirm-Trike sind ein super Geschenk das einen gro\u00dfen Erinnerungswert hat.<br \/>\nSchau Dich um, solltest du Fragen haben, sende uns eine Mail oder rufe uns einfach an.<\/p>\n<p>&#8222;wir sind auch auf <a href=\"https:\/\/www.facebook.com\/Motorschirm-Flugcenter-680697968639467\/\" target=\"_blank\" rel=\"noopener noreferrer\">Facebook<\/a> zu finden&#8220;<\/p>\n<p>In unserem Angebotsportfolio findet du alles was das Fliegerherz begehrt.<\/p>\n<h3>Gleitschirm, Motorschirm, Trike, Motor, Zubeh\u00f6r, Propeller, Guiding S\u00fcdspanien, Rundfl\u00fcge, Privater Flugzeugmarkt von Gebrauchten UL, Motorschirmtrike&#8217;s, Ein .- und Doppelsitzer Trike&#8230;<\/h3>\n<ul>\n<li>Rundfl\u00fcge mit dem Sportflugzeug \/ Motorschirmtrike<\/li>\n<\/ul>\n<p>&nbsp;<\/p>\n<ul>\n<li>Handel und Service von:\n<ul>\n<li>PHAZER II Doppelsitzertrike<\/li>\n<li>PHAZER ONE Einsitzertrike<\/li>\n<li>PHAZER Dragon Drachentrike<\/li>\n<li>EVOLUTION II Klapptrike<\/li>\n<li>Independence Motorschirme<\/li>\n<li>MacPara Motorschirme<\/li>\n<li>Independence Rettungen<\/li>\n<li>Helix Carbon Propeller<\/li>\n<li>Born &#8211; Holz-Propeller<\/li>\n<li>UL- Helme<\/li>\n<li>Funkger\u00e4te Hand.- u. Festeinbau<\/li>\n<li>Zubeh\u00f6r<\/li>\n<li>Sonderangebote<\/li>\n<li>Gebraucht und Vorf\u00fchrger\u00e4te<\/li>\n<li>Privater Gebrauchtmarkt&nbsp;<\/li>\n<li>Guiding S\u00fcdspanien<\/li>\n<\/ul>\n<\/li>\n<li>uvm&#8230;<\/li>\n<\/ul>\n<h4 style=\"text-align: center;\">Schaut Euch um, solltet Ihr einen Artikel nicht finden,<\/h4>\n<h4 style=\"text-align: center;\">schreibt uns eine Mail und wir k\u00fcmmern uns darum.<\/h4>\n<p>Euer Team vom MSFC<\/p>\n<p><img loading=\"lazy\" decoding=\"async\" class=\"alignnone wp-image-1042\" src=\"https:\/\/www.motorschirm-flugcenter.de\/wp-content\/uploads\/2017\/01\/Gr\u00f6\u00dfen\u00e4nderung-CIMG0050-300x225.jpg\" alt=\"\" width=\"383\" height=\"287\" srcset=\"https:\/\/www.motorschirm-flugcenter.de\/wp-content\/uploads\/2017\/01\/Gr\u00f6\u00dfen\u00e4nderung-CIMG0050-300x225.jpg 300w, https:\/\/www.motorschirm-flugcenter.de\/wp-content\/uploads\/2017\/01\/Gr\u00f6\u00dfen\u00e4nderung-CIMG0050-768x576.jpg 768w, https:\/\/www.motorschirm-flugcenter.de\/wp-content\/uploads\/2017\/01\/Gr\u00f6\u00dfen\u00e4nderung-CIMG0050-1024x768.jpg 1024w\" sizes=\"auto, (max-width: 383px) 100vw, 383px\" \/><\/p>\n<p>&nbsp;<\/p>\n","protected":false},"excerpt":{"rendered":"<p>Hallo Freunde des Flugsports, Sportflugzeug,&nbsp;Gleitschirm- Motorschirm- und Trikefreunde und Interessierte, willkommen auf unseren Seiten&#8230; Du m\u00f6chtest mit uns fliegen&nbsp; gerne hier gehts zur Rundflugseite&nbsp; &nbsp;&nbsp;Rundflug \u2013 Seiten\u2026 Wir freuen uns, <span class=\"readmore\"><a href=\"https:\/\/www.motorschirm-flugcenter.de\/\">Read More &#8230;<\/a><\/span><\/p>\n","protected":false},"author":1,"featured_media":4200,"parent":0,"menu_order":0,"comment_status":"closed","ping_status":"closed","template":"","meta":{"ngg_post_thumbnail":0,"footnotes":""},"class_list":["post-46","page","type-page","status-publish","has-post-thumbnail","hentry"],"_links":{"self":[{"href":"https:\/\/www.motorschirm-flugcenter.de\/index.php?rest_route=\/wp\/v2\/pages\/46","targetHints":{"allow":["GET"]}}],"collection":[{"href":"https:\/\/www.motorschirm-flugcenter.de\/index.php?rest_route=\/wp\/v2\/pages"}],"about":[{"href":"https:\/\/www.motorschirm-flugcenter.de\/index.php?rest_route=\/wp\/v2\/types\/page"}],"author":[{"embeddable":true,"href":"https:\/\/www.motorschirm-flugcenter.de\/index.php?rest_route=\/wp\/v2\/users\/1"}],"replies":[{"embeddable":true,"href":"https:\/\/www.motorschirm-flugcenter.de\/index.php?rest_route=%2Fwp%2Fv2%2Fcomments&post=46"}],"version-history":[{"count":86,"href":"https:\/\/www.motorschirm-flugcenter.de\/index.php?rest_route=\/wp\/v2\/pages\/46\/revisions"}],"predecessor-version":[{"id":4975,"href":"https:\/\/www.motorschirm-flugcenter.de\/index.php?rest_route=\/wp\/v2\/pages\/46\/revisions\/4975"}],"wp:featuredmedia":[{"embeddable":true,"href":"https:\/\/www.motorschirm-flugcenter.de\/index.php?rest_route=\/wp\/v2\/media\/4200"}],"wp:attachment":[{"href":"https:\/\/www.motorschirm-flugcenter.de\/index.php?rest_route=%2Fwp%2Fv2%2Fmedia&parent=46"}],"curies":[{"name":"wp","href":"https:\/\/api.w.org\/{rel}","templated":true}]}}